Let j(q) = -q + 1. Let l(k) = a(k) + 4*j(k). What is the units digit of l(-11)?
4
Suppose -14*d = -7*d - 3052. What is the tens digit of d?
3
Let v = 21 + 16. Let p = v - 34. Suppose 123 = 3*l - 3*i, -2*l + i - 35 = -p*l. What is the units digit of l?
8
Let b be ((-9)/(-4))/(21/28). Suppose 3*l - 233 = -y, 0*l = -4*y - b*l + 896. What is the hundreds digit of y?
2
Let i(h) = 6*h + 2. Let x be i(-2). Let z = x + 32. What is the units digit of z?
2
Let h(a) = 11*a**3 + 11*a**2 - 20*a + 26. What is the tens digit of h(6)?
7
Let x be 12/4 + -1 - 2. Let s(y) = 4 + y - 3*y + x*y + 5. What is the units digit of s(-8)?
5
Let q be (0 + -2)/(2/(-16)). Let o = -276 - -269. What is the units digit of (-6)/((28/q)/o)?
4
Let k be ((-1)/(4/(-2))*0)/(-2). Let v(y) = -2*y + 10. What is the tens digit of v(k)?
1
What is the tens digit of ((-458)/8)/((-1 - 1)/16)?
5
Let j(c) be the second derivative of 13*c**3/6 + 37*c**2/2 - 2*c + 30. What is the units digit of j(9)?
4
Let s = 1238 - 1003. What is the tens digit of s?
3
Let x be (-1)/3 - (-35)/15. Suppose 5*t = -x*j + 85, 67 = j - t + 14. What is the units digit of j?
0
Suppose 3*z = 2*z + 26. Suppose -z = -2*o + 12. Let n = o + 0. What is the units digit of n?
9
Let y(i) = -i**3 + 16*i**2 + 16*i + 22. Let u be y(17). What is the hundreds digit of 4*u*(15 - 8)?
1
Suppose -2*p - 15 = -5*p. Let b(v) = 2*v - 1. Let d be b(2). Suppose 1 = -t, p*z - d*t = 61 + 37. What is the units digit of z?
9
Suppose -25 = -4*g - g. Let n = -12 + g. Let z(j) = -j**2 - 7*j + 17. What is the tens digit of z(n)?
1
Let b(w) = -w**3 + 6*w**2 - 6*w + 10. Let n be b(5). Suppose -n*f = 3*x + 400, 4*x = x - f - 392. What is the tens digit of x/4*2/(-1)?
6
Let g(h) = -h**2 - 14*h - 3. Let d be g(-8). Suppose 0 = 8*m - d - 347. What is the units digit of m?
9
Suppose 0 = 3*p + 5*o - 3394, 2277 = 3*p - 5*o - 1097. What is the thousands digit of p?
1
Let j be 21/14*(-8)/(-3). Suppose 6*t - 5*z - 1167 = 2*t, -j*z + 297 = t. What is the tens digit of t?
9
Let w(j) = j**3 - 7*j**2 + 6*j + 5. Let f be w(6). Suppose -f*v + 10*v - 455 = 0. What is the units digit of 119/13 + (-14)/v?
9
Let w(s) = 6*s**2 + s - 1. Let g(r) = 23*r**2 + 3*r - 4. Let m(x) = -2*g(x) + 9*w(x). What is the tens digit of m(3)?
8
Suppose m - 2*m - 46 = 0. Let s = 163 + m. What is the hundreds digit of s?
1
What is the hundreds digit of (12/9 + 0)/((-10)/(-4110))?
5
What is the tens digit of 497 - 7 - 7 - -1?
8
Let l(y) = 641*y - 6. What is the units digit of l(1)?
5
Suppose -3791 = 11*t - 9951. What is the tens digit of t?
6
Let y(p) = 3*p**2 + 33*p + 30. Let u(j) = -3*j**2 - 32*j - 30. Let g(d) = -4*u(d) - 3*y(d). What is the units digit of g(-11)?
4
Let b be ((-11)/2)/((-7)/(-238)). Let x = -68 - b. What is the units digit of x?
9
Let o = 2579 - 568. What is the units digit of o?
1
Let k(f) be the third derivative of -7/6*f**4 + 5*f**2 + 0 + 0*f**3 + 0*f. What is the tens digit of k(-1)?
2
Let g = 616 + -314. What is the tens digit of g?
0
Let a be -3 + 2 + 0 + 2. Suppose 0 = -2*x + 17 - a. What is the units digit of x?
8
Let s(h) = 4*h - 9. Let m(l) = 7*l - 17. Let r(j) = 3*m(j) - 5*s(j). Let y be r(8). Suppose 2*v - y*i = 3*i + 84, 2*v - 80 = 3*i. What is the units digit of v?
7
Suppose 0 = 2*o + 4*o - 516. Suppose -5*y = 4*w + 129, 2*w + 2*y + o = 24. Let k = w - -47. What is the tens digit of k?
2
Suppose 12*f = 39*f - 15174. What is the units digit of f?
2
Let f = -9 + 397. Suppose -2*o = -0*d - d - 209, -f = -4*o - 4*d. What is the units digit of o?
2
Let d(z) = 15*z**2 - z - 81. What is the units digit of d(-7)?
1
Let d(l) be the first derivative of l**2 + 3*l + 4. Let z be d(6). What is the tens digit of -4*(-3)/5*z?
3
Suppose 7071 + 7119 = 22*m. What is the units digit of m?
5
Let w = 243 - 120. What is the units digit of w?
3
Let t(o) = 15*o - 215. What is the units digit of t(44)?
5
Let p = 5 - 1. Suppose 0*v + 15 = -5*v, v = p*d - 51. Let m(i) = -i**3 + 11*i**2 + 15*i - 2. What is the tens digit of m(d)?
3
What is the units digit of 2*(-1)/14 + 42735/49?
2
Suppose 2488 = 4*g + a, 1598 = 4*g + 5*a - 890. What is the tens digit of g?
2
Suppose 5*g + 0*j = 3*j - 80, -4*j = 4*g + 32. Let s(b) = -b**3 - 13*b**2 - 7*b - 10. What is the units digit of s(g)?
1
Let f = 283 - 144. What is the tens digit of f?
3
Let x be (1*-2 + -72)/(-2). Suppose 6*r - 4 - 20 = 0. Suppose -r*y = -137 + x. What is the units digit of y?
5
Let n(s) = -3*s - 13. Let u(h) = -7*h - 27. Let i(k) = -5*n(k) + 3*u(k). Let x be i(-12). Let g = x - 13. What is the units digit of g?
3
Let q = 310 + -236. What is the tens digit of q?
7
Suppose 64*v = 67*v - 3969. What is the units digit of v?
3
Let j(g) = 51*g**2 + 15*g - 40. What is the hundreds digit of j(5)?
3
Let d be ((-573)/12)/(4/(-16)). Let t = d - 95. What is the units digit of t?
6
Suppose 5*a = -5*x - 70, x - 5 = -1. Let n be (4/12)/((-3)/a). Suppose -n*o = 3*o - 165. What is the units digit of o?
3
Let q(u) = -6*u**3 - u**2 - 9*u - 12. Let p(r) = r**3 - r**2 + r + 1. Let z(o) = -5*p(o) - q(o). What is the units digit of z(-4)?
3
Let p be 0*(6/4 + -1). Let h be 0/((-3 - p)/3). Suppose h = 2*v + t - 2*t - 23, 43 = 4*v + t. What is the tens digit of v?
1
Let b = 5644 - 2242. What is the tens digit of b?
0
Suppose -220 = 7*g - 871. What is the tens digit of 3 + -2*3/(-6)*g?
9
Let l be 0 + (-2 - 1) + 4. Suppose 3*d = -b + 202, 2*b - l = 3*d + 385. What is the tens digit of b?
9
Suppose 517*n = 511*n + 1356. What is the tens digit of n?
2
Let i be 1/(1 + 0) + 2 - -4. Suppose 0 = -11*u + 733 - i. What is the units digit of u?
6
Let o = 1432 + -881. What is the units digit of o?
1
Suppose 1875 = -50*t + 55*t. What is the hundreds digit of t?
3
Let d(k) = -k**2 + 11*k - 28. Let p be d(7). Suppose p = 18*u - 306 + 126. What is the units digit of u?
0
Let w(h) be the second derivative of h**4/12 + h**3/6 - 5*h**2 - 18*h. What is the units digit of w(3)?
2
Let i = 243 - 408. Let m = -97 - i. What is the tens digit of m?
6
Let x(f) = -f**3 + 3*f**2 + f + 2. Let g be x(3). Let z = g - -27. Suppose q = 4*n - q - z, -4*n + 32 = -5*q. What is the units digit of n?
8
Let z(a) = -2*a**2 + 27*a + 17. Let y be z(14). Suppose y*l = -2*m + 284, -4*m + 2*m - 10 = 0. What is the units digit of l?
8
Suppose 0*b + 352 = 2*b. Let w be 1*(b/(-4))/4. Let x = 22 + w. What is the units digit of x?
1
Suppose -40*r + 1029 = -37*r. What is the units digit of r?
3
Let l(g) = 3*g**2 - 6*g + 3. Let b be l(-9). Suppose -3*x + 2*x = y - 100, b = 3*y - x. What is the tens digit of y?
0
Suppose -18*r + 21*r + 3104 = 2*f, -6196 = -4*f + 3*r. What is the tens digit of f?
4
Suppose -h = -4*j - 29 - 6, -4*j - 95 = -5*h. Suppose -3*x - 5*r + 33 = 0, 2*x + 3*r = x + h. What is the units digit of ((-2)/x)/(10/(-2070))?
9
Let s(f) = -f**2. Let n(a) = 2*a**2 - 10*a + 2. Let t(p) = -n(p) - 3*s(p). What is the tens digit of t(-15)?
7
Let v(n) = -4*n + 36. Let b be (-456)/(-60) + 3/(-5). What is the units digit of v(b)?
8
Let p(c) = 4*c**2 + 10*c + 7. What is the hundreds digit of p(13)?
8
Let m(z) = -3*z + 13*z + 3 - 2 + 3*z. Let n be m(-2). What is the tens digit of (1 + (-4)/2)*n?
2
Let j(d) = -25*d + 22. What is the hundreds digit of j(-11)?
2
Suppose p + 1 - 4 = 0, 0 = -5*a + p + 242. Let y = -3 + a. What is the tens digit of y?
4
Suppose -5*h + 2*h = -5*i - 6063, 0 = 2*i. What is the tens digit of h?
2
Suppose o = 3*o. Suppose -1 = -m - o*m. Let r = 5 + m. What is the units digit of r?
6
Suppose 2*u + 17*n - 22*n = 958, -4*u + 4*n = -1904. What is the tens digit of u?
7
Suppose 21*h = 1896 + 1695. What is the units digit of h?
1
Let i(a) = a**2 - 7*a - 11. Let c be (-2)/2 - (-13)/((-39)/30). What is the units digit of i(c)?
7
Suppose -4*x + 342 = 2*c, 2*c - 5 = -3. Suppose 4*r = -r + x. Suppose -3*g + 119 = r. What is the tens digit of g?
3
Let j be (-3 + 1)*(-4)/(-8). Let t = 1 + j. Suppose 2*a + 8 - 50 = t. What is the tens digit of a?
2
Let n be (-1 - -1)/(-17 + 18). Suppose -2*j - 3*f + 120 = -8*f, n = -2*j + 2*f + 114. What is the units digit of j?
5
Suppose -i + 5 = -5. Let m = 189 + -175. Let s = m + i. What is the units digit of s?
4
Let b(n) = -282*n + 218. What is the tens digit of b(-5)?
2
Suppose 10*s - 11486 = -2206. What is the units digit of s?
8
Let x = -3 - -12. Su